{"id":2,"date":"2024-11-23T12:47:49","date_gmt":"2024-11-23T11:47:49","guid":{"rendered":"http:\/\/chepuki.clintstudio.fr\/?page_id=2"},"modified":"2024-12-02T21:28:22","modified_gmt":"2024-12-02T20:28:22","slug":"page-d-exemple","status":"publish","type":"page","link":"https:\/\/www.chepuki.com\/","title":{"rendered":"C&rsquo;est qui Chepuki ?"},"content":{"rendered":"\n<p>Chepuki puise son inspiration dans l\u2019univers foisonnant de la culture pop et geek des ann\u00e9es 90, qu\u2019il d\u00e9tourne et r\u00e9interpr\u00e8te \u00e0 travers une pratique artistique hybride m\u00ealant street art et pop art. Son travail, qui s\u2019articule autour de trois axes fondamentaux \u2014 libert\u00e9, exp\u00e9rimentation et hybridit\u00e9 \u2014, se distingue par une recherche permanente de nouvelles formes et techniques.<\/p>\n\n\n\n<p>Chaque \u0153uvre est le fruit d\u2019un processus d\u2019\u00e9criture et de r\u00e9flexion approfondi, o\u00f9 croquis et histoires pr\u00e9c\u00e8dent la cr\u00e9ation. Chepuki explore les textures des bombes de peinture et l\u2019intensit\u00e9 des Poscas, tout en int\u00e9grant des r\u00e9f\u00e9rences \u00e0 ses souvenirs d\u2019enfance avec une touche d\u2019humour et de nostalgie. Les d\u00e9tails minutieux et les r\u00e9f\u00e9rences cach\u00e9es dans ses toiles invitent le spectateur \u00e0 plonger dans son univers et \u00e0 d\u00e9celer les multiples surprises qu\u2019il y insuffle.<\/p>\n\n\n\n<p>Ses compositions, qui naissent souvent d\u2019accidents ou d\u2019exp\u00e9rimentations, t\u00e9moignent de sa volont\u00e9 de se laisser porter par l\u2019instant, sans contraintes. Par l\u2019utilisation de pochoirs, de d\u00e9tournements d\u2019images et d\u2019un travail pouss\u00e9 sur les fonds, Chepuki renouvelle sans cesse son langage visuel. Sa d\u00e9marche artistique se veut accessible, ludique et ouverte \u00e0 tous, \u00e0 l\u2019image de sa volont\u00e9 de d\u00e9mocratiser l\u2019art tout en pr\u00e9servant un caract\u00e8re profond\u00e9ment personnel et innovant.<\/p>\n","protected":false},"excerpt":{"rendered":"<p>Chepuki puise son inspiration dans l\u2019univers foisonnant de la culture pop et geek des ann\u00e9es 90, qu\u2019il d\u00e9tourne et r\u00e9interpr\u00e8te \u00e0 travers une pratique artistique hybride m\u00ealant street art et pop art. Son travail, qui<span class=\"more-button\"><a href=\"https:\/\/www.chepuki.com\/\" class=\"more-link\">Lire la suite<span class=\"screen-reader-text\">C&rsquo;est qui Chepuki ?<\/span><i class=\"fa fa-angle-right\" aria-hidden=\"true\"><\/i><\/a><\/span><\/p>\n","protected":false},"author":1,"featured_media":0,"parent":0,"menu_order":0,"comment_status":"closed","ping_status":"open","template":"","meta":{"footnotes":""},"class_list":["post-2","page","type-page","status-publish","hentry"],"_links":{"self":[{"href":"https:\/\/www.chepuki.com\/index.php\/wp-json\/wp\/v2\/pages\/2","targetHints":{"allow":["GET"]}}],"collection":[{"href":"https:\/\/www.chepuki.com\/index.php\/wp-json\/wp\/v2\/pages"}],"about":[{"href":"https:\/\/www.chepuki.com\/index.php\/wp-json\/wp\/v2\/types\/page"}],"author":[{"embeddable":true,"href":"https:\/\/www.chepuki.com\/index.php\/wp-json\/wp\/v2\/users\/1"}],"replies":[{"embeddable":true,"href":"https:\/\/www.chepuki.com\/index.php\/wp-json\/wp\/v2\/comments?post=2"}],"version-history":[{"count":2,"href":"https:\/\/www.chepuki.com\/index.php\/wp-json\/wp\/v2\/pages\/2\/revisions"}],"predecessor-version":[{"id":72,"href":"https:\/\/www.chepuki.com\/index.php\/wp-json\/wp\/v2\/pages\/2\/revisions\/72"}],"wp:attachment":[{"href":"https:\/\/www.chepuki.com\/index.php\/wp-json\/wp\/v2\/media?parent=2"}],"curies":[{"name":"wp","href":"https:\/\/api.w.org\/{rel}","templated":true}]}}